
True
Is 43 a factor of 42020688?
False
Does 15 divide 30384270?
True
Does 556 divide 286129172?
False
Is 118 a factor of 8264231598?
True
Is 1206 a factor of 52014780?
True
Is 1125 a factor of 94032000?
True
Is 329872199 a multiple of 17?
True
Is 1766491462 a multiple of 1321?
False
Is 3751448830 a multiple of 15?
False
Does 21 divide 591018320?
False
Is 946741988 a multiple of 512?
False
Is 18 a factor of 127268126?
False
Does 2064 divide 192914742?
False
Is 165 a factor of 187317084?
False
Is 133307125 a multiple of 73?
True
Is 18152090 a multiple of 374?
True
Is 33621394 a multiple of 548?
False
Does 240 divide 2012610897?
False
Is 9 a factor of 69505812?
True
Is 17 a factor of 4389371?
False
Is 143131617 a multiple of 1069?
True
Is 2611282 a multiple of 374?
False
Is 57 a factor of 1012295205?
True
Is 18 a factor of 3861954?
True
Is 27859236 a multiple of 952?
False
Is 79 a factor of 21167418?
True
Is 25 a factor of 1690131419?
False
Is 4 a factor of 2339344?
True
Is 4121581 a multiple of 24?
False
Is 22392953 a multiple of 731?
False
Is 53 a factor of 45328795?
False
Is 10 a factor of 14348190?
True
Is 10308804 a multiple of 28?
False
Is 78 a factor of 491655372?
True
Does 1188 divide 44396625?
False
Is 411306353 a multiple of 19?
False
Is 19556382 a multiple of 58?
True
Is 1246229374 a multiple of 118?
False
Is 7879 a factor of 144666319?
True
Is 120 a factor of 53724360?
True
Is 4 a factor of 9190048?
True
Is 2634 a factor of 13336470?
False
Is 17 a factor of 844904743?
True
Is 173 a factor of 211891092?
True
Is 406412693 a multiple of 464?
False
Does 1291 divide 670955938?
True
Is 179 a factor of 10471679?
True
Is 50742734 a multiple of 49?
True
Is 2317952 a multiple of 398?
True
Is 2365912504 a multiple of 8?
True
Is 35149186 a multiple of 1361?
True
Is 87621002 a multiple of 16?
False
Does 4876 divide 86774523?
False
Does 82 divide 33069520?
False
Is 44375740 a multiple of 23?
True
Does 2542 divide 208441140?
False
Is 4535 a factor of 1015781045?
True
Is 8142751 a multiple of 4?
False
Is 67360128 a multiple of 33?
True
Is 661238075 a multiple of 1236?
False
Is 68 a factor of 134042621?
False
Is 12 a factor of 262825428?
True
Does 32 divide 4728282?
False
Is 44 a factor of 44112437?
False
Does 856 divide 91167593?
False
Is 375 a factor of 621697125?
True
Is 14 a factor of 51209705?
False
Is 16209606 a multiple of 14?
True
Does 1330 divide 46838610?
True
Does 1082 divide 192805139?
False
Is 5 a factor of 145777006?
False
Does 11 divide 28788683?
True
Is 303498454 a multiple of 21?
False
Is 251 a factor of 134160755?
True
Does 881 divide 2424282697?
False
Is 541894314 a multiple of 17?
False
Is 358 a factor of 1923256?
False
Is 26818890 a multiple of 12?
False
Is 875172 a multiple of 4?
True
Is 19 a factor of 148559822?
True
Is 130994553 a multiple of 1063?
True
Is 443 a factor of 14203023?
True
Is 681 a factor of 607105003?
False
Is 19 a factor of 12849985?
True
Does 843 divide 27057835?
False
Is 976 a factor of 57097952?
True
Is 205374608 a multiple of 61?
False
Is 161944296 a multiple of 1572?
True
Is 44331057 a multiple of 9?
True
Is 55694609 a multiple of 41?
False
Is 1930118515 a multiple of 19?
True
Is 1822172673 a multiple of 27?
False
Is 19 a factor of 495695198?
False
Is 351511552 a multiple of 3248?
True
Is 18539307 a multiple of 1349?
True
Is 385 a factor of 82464547?
False
Is 1081882763 a multiple of 656?
False
Does 670 divide 13194757?
False
Is 13723063 a multiple of 95?
False
Does 1306 divide 108437528?
False
Is 12 a factor of 22633332?
True
Is 6 a factor of 2476413982?
False
Is 2358 a factor of 111616276?
False
Is 107 a factor of 1906170932?
False
Is 1602 a factor of 377903790?
True
Is 3257579338 a multiple of 11287?
False
Is 68 a factor of 26662732?
True
Is 24 a factor of 346733808?
True
Is 1668 a factor of 106008072?
True
Does 46 divide 30508389?
False
Is 146 a factor of 1184221476?
True
Does 5 divide 3297140?
True
Is 22 a factor of 38745278?
True
Is 45582912 a multiple of 24?
True
Is 993356024 a multiple of 16?
False
Is 1111 a factor of 1362968134?
True
Is 36635004 a multiple of 34?
False
Does 50 divide 8227442347?
False
Is 261 a factor of 44573626?
False
Is 775498488 a multiple of 10572?
True
Is 102 a factor of 804873121?
False
Is 51469860 a multiple of 276?
True
Is 96384020 a multiple of 962?
False
Does 22 divide 1395815387?
False
Does 38 divide 131251354?
True
Is 24 a factor of 1199485689?
False
Is 145 a factor of 7598290?
True
Is 202 a factor of 782464480?
False
Is 471158910 a multiple of 414?
True
Is 9 a factor of 24399180?
True
Is 17443221 a multiple of 12?
False
Does 1660 divide 16090380?
True
Is 2 a factor of 3429794?
True
Is 114 a factor of 1084629832?
False
Is 803851463 a multiple of 14?
False
Is 8643169 a multiple of 2?
False
Is 1128805 a multiple of 142?
False
Does 2243 divide 155143824?
True
Is 56323792 a multiple of 566?
True
Does 83 divide 3421260?
True
Is 168 a factor of 25585680?
False
Is 4451381 a multiple of 430?
False
Is 5885614 a multiple of 44?
False
Is 145019108 a multiple of 13?
True
Does 506 divide 60707856?
True
Does 6 divide 43897596?
True
Is 189570465 a multiple of 716?
False
Is 73 a factor of 13772253?
True
Is 43970876 a multiple of 194?
True
Is 6499 a factor of 298141625?
True
Is 217530357 a multiple of 136?
False
Is 20 a factor of 14192240?
True
Is 90 a factor of 66619689?
False
Is 320 a factor of 91608968?
False
Does 29 divide 138074190?
False
Is 8287500 a multiple of 78?
True
Is 1772806965 a multiple of 312?
False
Is 902707986 a multiple of 1132?
False
Does 850 divide 36486250?
True
Is 78 a factor of 2037940?
False
Is 236 a factor of 26980700?
True
Is 22 a factor of 19632536?
True
Is 536817806 a multiple of 109?
True
Is 1581434376 a multiple of 343?
False
Is 2426 a factor of 38503046?
True
Is 39 a factor of 1331006118?
True
Is 344344448 a multiple of 2147?
True
Does 8627 divide 3980299379?
True
Is 457836124 a multiple of 9747?
False
Is 2310 a factor of 524289150?
True
Does 419 divide 1094754113?
False
Does 19 divide 107156639?
False
Is 660133374 a multiple of 134?
False
Is 37 a factor of 288995759?
False
Is 11713680 a multiple of 60?
True
Is 733806651 a multiple of 2843?
False
Does 844 divide 2044168?
True
Does 31 divide 2636183027?
False
Is 24142924 a multiple of 587?
False
Is 56 a factor of 6213592?
True
Does 27 divide 531964846?
False
Does 21 divide 329799309?
True
Is 210056 a multiple of 44?
True
Is 7744597 a multiple of 7?
True
Is 18564545 a multiple of 34?
False
Is 930698191 a multiple of 156?
False
Does 508 divide 16334757?
False
Is 14 a factor of 275801933?
False
Is 177 a factor of 982896222?
True
Is 88 a factor of 818913675?
False
Is 91 a factor of 69383370?
False
Is 605 a factor of 39667784?
False
Is 118881718 a multiple of 6?
False
Is 166896436 a multiple of 1457?
True
Is 181314238 a multiple of 1926?
False
Is 66970288 a multiple of 56?
True
Does 10028 divide 1550398996?
True
Is 9 a factor of 810513?
True
Is 76407787 a multiple of 30?
False
Is 1776 a factor of 256713891?
False
Is 310 a factor of 16416670?
True
Does 30 divide 905810400?
True
Is 73658790 a multiple of 279?
True
Is 32174381 a multiple of 277?
True
Is 63074700 a multiple of 900?
True
Does 23 divide 557750092?
True
Does 11 divide 634620173?
True
Does 799 divide 4462575?
False
Is 32 a factor of 21025663?
False
Is 37 a factor of 272171667?
True
Is 158015177 a multiple of 823?
True
Is 174880896 a multiple of 96?
True
Does 16 divide 121155490?
False
Is 18 a factor of 38983356?
True
Is 98 a factor of 61009312?
True
Does 25 divide 155986046?
False
Is 4734876584 a multiple of 289?
True
Is 3481684234 a multiple of 2069?
True
Is 4244182272 a multiple of 12672?
True
Does 54 divide 11271071?
False
Does 11 divide 39124782?
False
Does 3 divide 21101291?
False
Is 1270 a factor of 1444566580?
True
Is 1909 a factor of 602335164?
False
Does 15 divide 151746085?
False
Is 81775107 a multiple of 471?
False
Is 2959 a factor of 3609236950?
False
Is 63982504 a multiple of 46?
True
Is 72229196 a multiple of 2314?
True
Does 1094 divide 23179950?
False
Is 47 a factor of 28304434?
True
Does 562 divide 53603628?
False
Is 242 a factor of 1234203769?
False
Is 40388495 a multiple of 8?
False
Is 15 a factor of 59412930?
True
Does 26 divid